se 3, what is -20 - 10110000200?
-10110000220
In base 9, what is -11421271 + 4?
-11421266
In base 10, what is 281 + -23670?
-23389
In base 13, what is -36 + cc?
96
In base 4, what is 113 + 110110?
110223
In base 8, what is 2 - -17464?
17466
In base 9, what is 1 - -6537?
6538
In base 16, what is -2 + -3b7b?
-3b7d
In base 5, what is 11000142 - 22?
11000120
In base 7, what is 2 - 36006?
-36004
In base 11, what is -1 + -28907?
-28908
In base 9, what is 658 + 16?
675
In base 11, what is 4191 - -8?
4199
In base 4, what is 20301022113 + 0?
20301022113
In base 6, what is 1211 + -344?
423
In base 12, what is -52758 - -7?
-52751
In base 4, what is -2010112120 - 10?
-2010112130
In base 4, what is 12132223 - 1?
12132222
In base 8, what is 0 - -146657?
146657
In base 13, what is -12c + 58?
-a4
In base 10, what is -7 - 2748?
-2755
In base 13, what is -15389 + 3?
-15386
In base 16, what is -2 + b6c3?
b6c1
In base 7, what is -5 - 2661261?
-2661266
In base 2, what is 1010101101111 - -101?
1010101110100
In base 8, what is -112 + 123?
11
In base 11, what is 0 - 31358?
-31358
In base 16, what is -8241 - -ca?
-8177
In base 9, what is 141 + -20?
121
In base 14, what is -2399 - -9?
-2390
In base 13, what is 24ba6a + 1?
24ba6b
In base 13, what is 3505 - 1c?
34b6
In base 4, what is 133 - 11110?
-10311
In base 5, what is -42242 - -1214?
-41023
In base 8, what is -1432463 - -7?
-1432454
In base 13, what is 79ab - -4?
79b2
In base 7, what is -3 - 553555?
-553561
In base 4, what is -122013000 - 2?
-122013002
In base 10, what is 2 + 2355?
2357
In base 3, what is -211012 + 1111200?
200111
In base 5, what is 1131 - -421?
2102
In base 14, what is 79 - -6a7?
742
In base 11, what is 905 - 14?
8a1
In base 9, what is 2886 + -7?
2878
In base 6, what is -3 - -322233?
322230
In base 9, what is 736 - -23?
760
In base 12, what is 653 + 21?
674
In base 16, what is -8b + -b9?
-144
In base 16, what is 5 + -4841?
-483c
In base 14, what is -3a467 - -1?
-3a466
In base 12, what is 2216 + -36?
21a0
In base 13, what is -41 - 1b4?
-225
In base 6, what is -4 + -203041?
-203045
In base 7, what is 66265016 + -3?
66265013
In base 12, what is -4 + -3067?
-306b
In base 13, what is -7ba + -c2?
-8ac
In base 2, what is 1111110000111 - 1011?
1111101111100
In base 9, what is -3182 + -3?
-3185
In base 7, what is 321 - -225?
546
In base 6, what is -1441115 - 0?
-1441115
In base 4, what is -122223 + -11123?
-200012
In base 13, what is -1046956 - 4?
-104695a
In base 5, what is -314 - 1033343?
-1034212
In base 15, what is -121 - -53e?
41d
In base 2, what is 1 + -1010111101001110011?
-1010111101001110010
In base 16, what is -8 + 221?
219
In base 11, what is -117 + 1464?
1348
In base 12, what is -1b971 + -3?
-1b974
In base 7, what is 126464 - -2?
126466
In base 9, what is -3564 + -150?
-3724
In base 10, what is -287992 - 1?
-287993
In base 13, what is 4 + -bb1bb?
-bb1b7
In base 16, what is 227170 + 1?
227171
In base 15, what is -4 - -11eee6?
11eee2
In base 3, what is 12 - 102000021200?
-102000021111
In base 3, what is -21022002001 - 12?
-21022002020
In base 10, what is -139182 + -9?
-139191
In base 6, what is 502 + 43?
545
In base 16, what is 29 + eb6?
edf
In base 3, what is -12 + -1221211121011?
-1221211121100
In base 7, what is 0 + 311116?
311116
In base 7, what is -1200 - 105?
-1305
In base 16, what is 6 - -11075?
1107b
In base 12, what is -2 - 7b94?
-7b96
In base 15, what is -16 + -1697?
-16ad
In base 4, what is 0 - 2300231?
-2300231
In base 14, what is d3a + -14?
d26
In base 12, what is 101a + 126?
1144
In base 12, what is -15a1b + -aa?
-15b09
In base 6, what is 11 - 3404?
-3353
In base 9, what is 1 - 354125?
-354124
In base 9, what is 6 - -162187?
162204
In base 6, what is 101423 + 520?
102343
In base 7, what is -5 + 43306?
43301
In base 12, what is 360 + 2b?
38b
In base 8, what is -15 + 7720?
7703
In base 11, what is 2 - 18a611?
-18a60a
In base 16, what is -624 + 5b6?
-6e
In base 3, what is 200100220 + -112100?
122211120
In base 3, what is 0 - -10212012021?
10212012021
In base 9, what is 104 + 833?
1037
In base 9, what is -5 + -140313?
-140318
In base 5, what is -33444 - 1442?
-40441
In base 16, what is 6b5e - -4?
6b62
In base 12, what is a787 + 27?
a7b2
In base 15, what is 144d5 - 1?
144d4
In base 4, what is -2 - -232323213?
232323211
In base 3, what is -102012102212 - 12?
-102012110001
In base 13, what is 2 + b298?
b29a
In base 3, what is 10 + 1012021210011?
1012021210021
In base 11, what is 25729 - -2?
25730
In base 8, what is -16 + -42173?
-42211
In base 4, what is 3300122 + -3?
3300113
In base 8, what is 5 - -22516?
22523
In base 6, what is 1 - -43400501?
43400502
In base 9, what is 1 - -25624?
25625
In base 12, what is 7 + -24150?
-24145
In base 15, what is -26 - 837?
-85d
In base 15, what is 2107 + 2a?
2132
In base 15, what is 2 - -1530?
1532
In base 2, what is -1 - -1000010010001110?
1000010010001101
In base 10, what is -268 - 1096?
-1364
In base 15, what is -22 - -14e3?
14c1
In base 11, what is -183 + 217?
44
In base 7, what is 105 + 1643?
2051
In base 15, what is -dcd - -229?
-ba4
In base 4, what is 3313103 + -120?
3312323
In base 14, what is 2a - -2c?
58
In base 3, what is -1201211201 - 10?
-1201211211
In base 4, what is 32200121111 + 2?
32200121113
In base 13, what is -6 - -4819?
4813
In base 4, what is 13112200 - 3?
13112131
In base 14, what is 29 + 7?
32
In base 5, what is 112034 - 144?
111340
In base 2, what is -1100000111100101 - -10?
-1100000111100011
In base 14, what is 54bb8a - -1?
54bb8b
In base 14, what is 37a - -18c?
528
In base 3, what is 22112 + 1100112002?
1100211121
In base 11, what is 0 + -18a60?
-18a60
In base 14, what is -14d0a - -3?
-14d07
In base 5, what is -201302 + 32?
-201220
In base 12, what is -15805 - 3?
-15808
In base 3, what is 201020011 - -2?
201020020
In base 6, what is 2 - -2240515?
2240521
In base 11, what is 60a70 + -3?
60a68
In base 9, what is 1644 + 0?
1644
In base 12, what is 1359 - 55?
1304
In base 6, what is 441 + -220322?
-215441
In base 8, what is -1646 - 74?
-1742
In base 6, what is -2454 - -4?
-2450
In base 14, what is -142 - c?
-150
In base 6, what is 10 + 32050101?
32050111
In base 16, what is -4 - 55cb?
-55cf
In base 8, what is -13 - -1106644?
1106631
In base 4, what is 3 + -2013122?
-2013113
In base 15, what is 59d9 + 1?
59da
In base 7, what is -3 - 33222?
-33225
In base 9, what is -4 - -2302777?
2302773
In base 6, what is 11040 + 123?
11203
In base 13, what is 12270 - -2?
12272
In base 14, what is -87 + 20?
-67
In base 14, what is -6200 + -5?
-6205
In base 9, what is 17 - -6877?
7005
In base 15, what is -34655c - 3?
-346560
In base 4, what is 122 + -22123?
-22001
In base 12, what is -312 + -15?
-327
In base 12, what is 27 + -3a3b?
-3a14
In base 11, what is -456 + 258?
-1a9
In base 3, what is 11 + -122000222011?
-122000222000
In base 11, what is 4 - -514a52?
514a56
In base 13, what is 4a + b1?
12b
In base 5, what is -103 - 141331?
-141434
In base 5, what is -134124432 + 4?
-134124423
In base 4, what is 313232222 - -2?
313232230
In base 13, what is 426 - -11?
437
In base 5, what is -1 - 20201134?
-20201140
In base 11, what is 1 - 2763?
-2762
In base 2, what is -1011100001110111 + 100?
-1011100001110011
In base 5, what is -121211 + 1104?
-120102
In base 14, what is 8169 + 4?
816d
In base 8, what is 42242 + -12?
42230
In base 4, what is 0 + -1011131?
-1011131
In base 2, what is 100 + 110001110010?
110001110110
In base 13, what is 67c757 + 4?
67c75b
In base 2, what is 10101 - 1011000110000?
-1011000011011
In base 2, what is -11100 - -101000100000?
101000000100
In base 16, what is 158782 - 0?
158782
In base 5, what is 21 + 314134?
314210
In base 16, what is -41 + -127f?
-12c0
In base 15, what is -1 - -b9ec?
b9eb
In base 11, what is -30a + 480?
171
In base 6, what is -53 + 5020?
4523
In base 5, what is 1 + 4441411?
4441412
In base 6, what is -4 + -134023?
-134031
In base 5, what is 113 + 11114?
11232
In base 8, what is 25172 - 5?
25165
In base 16, what is -1e68 + 2?
-1e66
In base 11, what is 159a + 208?
17a7
In base 2, what is 11010011000111110 - 100?
11010011000111010
In base 10, what is 2603 - -9?
2612
In base 11, what is 4 - -3187?
3190
In base 3, what is -10 + 10010001102020?
10010001102010
In base 14, what is -3426 - 7?
-342d
In base 4, what is 